at are the prime factors of 214756?
2, 53, 1013
List the prime factors of 252877.
252877
What are the prime factors of 14897910?
2, 3, 5, 631, 787
What are the prime factors of 3648238?
2, 11, 165829
What are the prime factors of 51286?
2, 25643
List the prime factors of 122640.
2, 3, 5, 7, 73
List the prime factors of 1044049.
31, 33679
List the prime factors of 5029207.
5029207
What are the prime factors of 367470?
2, 3, 5, 1361
List the prime factors of 2519369.
2519369
What are the prime factors of 855683?
855683
What are the prime factors of 552795?
3, 5, 137, 269
List the prime factors of 55117.
55117
List the prime factors of 4319672.
2, 7, 77137
List the prime factors of 234192.
2, 3, 7, 17, 41
List the prime factors of 294039.
3, 37, 883
What are the prime factors of 682714?
2, 341357
What are the prime factors of 62295?
3, 5, 4153
List the prime factors of 1477169.
1477169
What are the prime factors of 1191375?
3, 5, 353
What are the prime factors of 368838?
2, 3, 31, 661
List the prime factors of 6922641.
3, 11, 31, 67, 101
What are the prime factors of 229331?
53, 4327
What are the prime factors of 13127167?
31, 423457
What are the prime factors of 3706227?
3, 7, 89, 661
What are the prime factors of 684781?
691, 991
List the prime factors of 620722.
2, 310361
List the prime factors of 13861121.
13861121
What are the prime factors of 26477?
11, 29, 83
List the prime factors of 1047366.
2, 3, 31, 1877
List the prime factors of 18346167.
3, 7, 291209
List the prime factors of 689954.
2, 23, 53, 283
What are the prime factors of 2284474?
2, 1142237
List the prime factors of 2222470.
2, 5, 222247
What are the prime factors of 1344685?
5, 268937
List the prime factors of 534642.
2, 3, 89107
List the prime factors of 4850637.
3, 11, 146989
What are the prime factors of 13092?
2, 3, 1091
List the prime factors of 2075478.
2, 3, 37, 9349
List the prime factors of 3929569.
7, 561367
What are the prime factors of 8040756?
2, 3, 41, 59, 277
What are the prime factors of 1277527?
59, 367
List the prime factors of 14184219.
3, 7, 29, 23291
List the prime factors of 581310.
2, 3, 5, 2153
List the prime factors of 1306073.
29, 1553
What are the prime factors of 9656978?
2, 19, 67, 3793
What are the prime factors of 133147?
7, 23, 827
What are the prime factors of 85627?
85627
What are the prime factors of 1364949?
3, 43, 3527
List the prime factors of 31668.
2, 3, 7, 13, 29
What are the prime factors of 226137?
3, 43, 1753
What are the prime factors of 955408?
2, 211, 283
What are the prime factors of 2935390?
2, 5, 17, 31, 557
List the prime factors of 783294.
2, 3, 19, 6871
List the prime factors of 6008901.
3, 2002967
What are the prime factors of 1914739?
1914739
What are the prime factors of 22775301?
3, 1327, 1907
List the prime factors of 3293581.
487, 6763
What are the prime factors of 522407?
43, 12149
List the prime factors of 239287.
239287
List the prime factors of 92143.
92143
What are the prime factors of 1434996?
2, 3, 43, 103
What are the prime factors of 531275?
5, 79, 269
List the prime factors of 3629.
19, 191
What are the prime factors of 3497?
13, 269
What are the prime factors of 5989198?
2, 41, 73039
List the prime factors of 1487235.
3, 5, 99149
List the prime factors of 2008049.
2008049
List the prime factors of 861882.
2, 3, 7, 20521
What are the prime factors of 3822126?
2, 3, 7, 11, 8273
List the prime factors of 320117.
7, 47, 139
List the prime factors of 4236217.
79, 53623
List the prime factors of 56366.
2, 28183
What are the prime factors of 24202548?
2, 3, 672293
List the prime factors of 7649158.
2, 11, 37, 9397
What are the prime factors of 1363528?
2, 170441
List the prime factors of 7371971.
151, 48821
List the prime factors of 384532.
2, 251, 383
What are the prime factors of 134471?
134471
What are the prime factors of 4260300?
2, 3, 5, 11, 1291
List the prime factors of 948109.
83, 11423
List the prime factors of 285336.
2, 3, 1321
What are the prime factors of 10017082?
2, 5008541
List the prime factors of 9044742.
2, 3, 7, 215351
List the prime factors of 1344912.
2, 3, 28019
List the prime factors of 812171.
367, 2213
What are the prime factors of 60297?
3, 101, 199
What are the prime factors of 215538?
2, 3, 35923
What are the prime factors of 3743881?
43, 83, 1049
List the prime factors of 130695.
3, 5, 8713
What are the prime factors of 260280?
2, 3, 5, 241
What are the prime factors of 407436?
2, 3, 19, 1787
What are the prime factors of 4089841?
7, 29, 20147
List the prime factors of 336341.
179, 1879
List the prime factors of 310755.
3, 5, 20717
List the prime factors of 9081039.
3, 11, 275183
List the prime factors of 82563.
3, 13, 29, 73
What are the prime factors of 604441?
604441
What are the prime factors of 2358615?
3, 5, 7, 3209
List the prime factors of 22505246.
2, 17, 631, 1049
What are the prime factors of 4142107?
41, 101027
List the prime factors of 1907377.
1907377
List the prime factors of 165996.
2, 3, 29, 53
List the prime factors of 1961759.
1961759
What are the prime factors of 31025673?
3, 7, 7817
List the prime factors of 588827.
588827
What are the prime factors of 1397824?
2, 21841
List the prime factors of 15779013.
3, 5259671
What are the prime factors of 4056934?
2, 7, 181, 1601
List the prime factors of 324777.
3, 73, 1483
List the prime factors of 696416.
2, 7, 3109
List the prime factors of 17405825.
5, 23, 30271
List the prime factors of 5967892.
2, 7, 213139
What are the prime factors of 37079?
7, 5297
What are the prime factors of 124822?
2, 139, 449
List the prime factors of 1296189.
3, 61, 787
What are the prime factors of 30456?
2, 3, 47
What are the prime factors of 180363?
3, 59, 1019
List the prime factors of 10903054.
2, 53, 102859
List the prime factors of 382815.
3, 5, 47, 181
What are the prime factors of 27805830?
2, 3, 5, 13, 83, 859
What are the prime factors of 2115039?
3, 705013
What are the prime factors of 138959?
138959
List the prime factors of 3758267.
79, 113, 421
What are the prime factors of 26003521?
26003521
List the prime factors of 623597.
13, 47969
What are the prime factors of 5412175?
5, 37, 5851
List the prime factors of 331146.
2, 3, 18397
What are the prime factors of 7881806?
2, 47, 191, 439
What are the prime factors of 67422?
2, 3, 17, 661
List the prime factors of 136639.
107, 1277
List the prime factors of 15283536.
2, 3, 318407
List the prime factors of 675625.
5, 23, 47
What are the prime factors of 22343?
22343
What are the prime factors of 13006628?
2, 167, 19471
What are the prime factors of 580152?
2, 3, 23, 1051
What are the prime factors of 14871951?
3, 550813
List the prime factors of 6446292.
2, 3, 537191
List the prime factors of 8364634.
2, 4182317
What are the prime factors of 38157236?
2, 13, 733793
What are the prime factors of 292408?
2, 36551
What are the prime factors of 17485148?
2, 211, 20717
List the prime factors of 1463102.
2, 673, 1087
What are the prime factors of 762090?
2, 3, 5, 7, 19, 191
What are the prime factors of 8494407?
3, 17, 59, 941
What are the prime factors of 378090?
2, 3, 5, 4201
What are the prime factors of 238409?
29, 8221
What are the prime factors of 25772629?
17, 1516037
List the prime factors of 2295293.
7, 11, 13, 2293
List the prime factors of 3912724.
2, 978181
List the prime factors of 646641.
3, 71849
What are the prime factors of 293691?
3, 223, 439
What are the prime factors of 19276892?
2, 4819223
What are the prime factors of 2900837?
37, 78401
List the prime factors of 1597256.
2, 199657
What are the prime factors of 5348841?
3, 1782947
What are the prime factors of 401012?
2, 29, 3457
What are the prime factors of 3326941?
3326941
What are the prime factors of 8941113?
3, 31, 73, 439
List the prime factors of 62809.
107, 587
What are the prime factors of 236244?
2, 3, 19687
List the prime factors of 261854.
2, 130927
List the prime factors of 406175.
5, 7, 11, 211
What are the prime factors of 299655?
3, 5, 6659
List the prime factors of 28276662.
2, 3, 557, 8461
List the prime factors of 159662.
2, 97, 823
What are the prime factors of 1321805?
5, 167, 1583
List the prime factors of 12019427.
7, 29, 59209
What are the prime factors of 78869?
7, 19, 593
List the pri